{"id":14,"date":"2021-10-06T14:17:42","date_gmt":"2021-10-06T14:17:42","guid":{"rendered":"https:\/\/optimum-impression.com\/?page_id=14"},"modified":"2022-02-05T17:45:34","modified_gmt":"2022-02-05T17:45:34","slug":"optimum-impression-sous-toutes-ses-formes-numerique-offset-plv-etiquettes-plv-packaging-web-to-print","status":"publish","type":"page","link":"https:\/\/optimum-impression.com\/","title":{"rendered":"Accueil"},"content":{"rendered":"\n<p>Impression offset, num\u00e9rique, cr\u00e9ation de tous vos projets de communication, Etiquettes adh\u00e9sives, PLV, Hauts-de-France, \u00cele-de-France<\/p>\n","protected":false},"excerpt":{"rendered":"<p>Impression offset, num\u00e9rique, cr\u00e9ation de tous vos projets de communication, Etiquettes adh\u00e9sives, PLV, Hauts-de-France, \u00cele-de-France<\/p>\n","protected":false},"author":1,"featured_media":0,"parent":0,"menu_order":0,"comment_status":"closed","ping_status":"closed","template":"page-templates\/frontpage.php","meta":{"footnotes":""},"class_list":["post-14","page","type-page","status-publish","hentry"],"yoast_head":"<!-- This site is optimized with the Yoast SEO plugin v27.6 - https:\/\/yoast.com\/product\/yoast-seo-wordpress\/ -->\n<title>Accueil - Optimum impression<\/title>\n<meta name=\"description\" content=\"Impression offset, num\u00e9rique, cr\u00e9ation de tous vos projets de communication, Etiquettes adh\u00e9sives, PLV, Hauts-de-France, \u00cele-de-France\" \/>\n<meta name=\"robots\" content=\"index, follow, max-snippet:-1, max-image-preview:large, max-video-preview:-1\" \/>\n<link rel=\"canonical\" href=\"https:\/\/optimum-impression.com\/\" \/>\n<meta property=\"og:locale\" content=\"fr_FR\" \/>\n<meta property=\"og:type\" content=\"article\" \/>\n<meta property=\"og:title\" content=\"Accueil - Optimum impression\" \/>\n<meta property=\"og:description\" content=\"Impression offset, num\u00e9rique, cr\u00e9ation de tous vos projets de communication, Etiquettes adh\u00e9sives, PLV, Hauts-de-France, \u00cele-de-France\" \/>\n<meta property=\"og:url\" content=\"https:\/\/optimum-impression.com\/\" \/>\n<meta property=\"og:site_name\" content=\"Optimum impression\" \/>\n<meta property=\"article:modified_time\" content=\"2022-02-05T17:45:34+00:00\" \/>\n<meta name=\"twitter:card\" content=\"summary_large_image\" \/>\n<meta name=\"twitter:label1\" content=\"Dur\u00e9e de lecture estim\u00e9e\" \/>\n\t<meta name=\"twitter:data1\" content=\"1 minute\" \/>\n<script type=\"application\/ld+json\" class=\"yoast-schema-graph\">{\"@context\":\"https:\\\/\\\/schema.org\",\"@graph\":[{\"@type\":\"WebPage\",\"@id\":\"https:\\\/\\\/optimum-impression.com\\\/\",\"url\":\"https:\\\/\\\/optimum-impression.com\\\/\",\"name\":\"Accueil - Optimum impression\",\"isPartOf\":{\"@id\":\"https:\\\/\\\/optimum-impression.com\\\/#website\"},\"datePublished\":\"2021-10-06T14:17:42+00:00\",\"dateModified\":\"2022-02-05T17:45:34+00:00\",\"description\":\"Impression offset, num\u00e9rique, cr\u00e9ation de tous vos projets de communication, Etiquettes adh\u00e9sives, PLV, Hauts-de-France, \u00cele-de-France\",\"breadcrumb\":{\"@id\":\"https:\\\/\\\/optimum-impression.com\\\/#breadcrumb\"},\"inLanguage\":\"fr-FR\",\"potentialAction\":[{\"@type\":\"ReadAction\",\"target\":[\"https:\\\/\\\/optimum-impression.com\\\/\"]}]},{\"@type\":\"BreadcrumbList\",\"@id\":\"https:\\\/\\\/optimum-impression.com\\\/#breadcrumb\",\"itemListElement\":[{\"@type\":\"ListItem\",\"position\":1,\"name\":\"Accueil\",\"item\":\"https:\\\/\\\/optimum-impression.com\\\/\"},{\"@type\":\"ListItem\",\"position\":2,\"name\":\"Accueil\"}]},{\"@type\":\"WebSite\",\"@id\":\"https:\\\/\\\/optimum-impression.com\\\/#website\",\"url\":\"https:\\\/\\\/optimum-impression.com\\\/\",\"name\":\"Optimum impression\",\"description\":\"L&#039;imprimerie sous toutes ses formes\",\"publisher\":{\"@id\":\"https:\\\/\\\/optimum-impression.com\\\/#organization\"},\"potentialAction\":[{\"@type\":\"SearchAction\",\"target\":{\"@type\":\"EntryPoint\",\"urlTemplate\":\"https:\\\/\\\/optimum-impression.com\\\/?s={search_term_string}\"},\"query-input\":{\"@type\":\"PropertyValueSpecification\",\"valueRequired\":true,\"valueName\":\"search_term_string\"}}],\"inLanguage\":\"fr-FR\"},{\"@type\":\"Organization\",\"@id\":\"https:\\\/\\\/optimum-impression.com\\\/#organization\",\"name\":\"Optimum impression\",\"url\":\"https:\\\/\\\/optimum-impression.com\\\/\",\"logo\":{\"@type\":\"ImageObject\",\"inLanguage\":\"fr-FR\",\"@id\":\"https:\\\/\\\/optimum-impression.com\\\/#\\\/schema\\\/logo\\\/image\\\/\",\"url\":\"https:\\\/\\\/optimum-impression.com\\\/wp-content\\\/uploads\\\/2021\\\/10\\\/cropped-Logo-Optimum-01.png\",\"contentUrl\":\"https:\\\/\\\/optimum-impression.com\\\/wp-content\\\/uploads\\\/2021\\\/10\\\/cropped-Logo-Optimum-01.png\",\"width\":122,\"height\":40,\"caption\":\"Optimum impression\"},\"image\":{\"@id\":\"https:\\\/\\\/optimum-impression.com\\\/#\\\/schema\\\/logo\\\/image\\\/\"},\"sameAs\":[\"https:\\\/\\\/www.instagram.com\\\/optimum_impression\",\"https:\\\/\\\/www.linkedin.com\\\/company\\\/optimum-impression\"]}]}<\/script>\n<!-- \/ Yoast SEO plugin. -->","yoast_head_json":{"title":"Accueil - Optimum impression","description":"Impression offset, num\u00e9rique, cr\u00e9ation de tous vos projets de communication, Etiquettes adh\u00e9sives, PLV, Hauts-de-France, \u00cele-de-France","robots":{"index":"index","follow":"follow","max-snippet":"max-snippet:-1","max-image-preview":"max-image-preview:large","max-video-preview":"max-video-preview:-1"},"canonical":"https:\/\/optimum-impression.com\/","og_locale":"fr_FR","og_type":"article","og_title":"Accueil - Optimum impression","og_description":"Impression offset, num\u00e9rique, cr\u00e9ation de tous vos projets de communication, Etiquettes adh\u00e9sives, PLV, Hauts-de-France, \u00cele-de-France","og_url":"https:\/\/optimum-impression.com\/","og_site_name":"Optimum impression","article_modified_time":"2022-02-05T17:45:34+00:00","twitter_card":"summary_large_image","twitter_misc":{"Dur\u00e9e de lecture estim\u00e9e":"1 minute"},"schema":{"@context":"https:\/\/schema.org","@graph":[{"@type":"WebPage","@id":"https:\/\/optimum-impression.com\/","url":"https:\/\/optimum-impression.com\/","name":"Accueil - Optimum impression","isPartOf":{"@id":"https:\/\/optimum-impression.com\/#website"},"datePublished":"2021-10-06T14:17:42+00:00","dateModified":"2022-02-05T17:45:34+00:00","description":"Impression offset, num\u00e9rique, cr\u00e9ation de tous vos projets de communication, Etiquettes adh\u00e9sives, PLV, Hauts-de-France, \u00cele-de-France","breadcrumb":{"@id":"https:\/\/optimum-impression.com\/#breadcrumb"},"inLanguage":"fr-FR","potentialAction":[{"@type":"ReadAction","target":["https:\/\/optimum-impression.com\/"]}]},{"@type":"BreadcrumbList","@id":"https:\/\/optimum-impression.com\/#breadcrumb","itemListElement":[{"@type":"ListItem","position":1,"name":"Accueil","item":"https:\/\/optimum-impression.com\/"},{"@type":"ListItem","position":2,"name":"Accueil"}]},{"@type":"WebSite","@id":"https:\/\/optimum-impression.com\/#website","url":"https:\/\/optimum-impression.com\/","name":"Optimum impression","description":"L&#039;imprimerie sous toutes ses formes","publisher":{"@id":"https:\/\/optimum-impression.com\/#organization"},"potentialAction":[{"@type":"SearchAction","target":{"@type":"EntryPoint","urlTemplate":"https:\/\/optimum-impression.com\/?s={search_term_string}"},"query-input":{"@type":"PropertyValueSpecification","valueRequired":true,"valueName":"search_term_string"}}],"inLanguage":"fr-FR"},{"@type":"Organization","@id":"https:\/\/optimum-impression.com\/#organization","name":"Optimum impression","url":"https:\/\/optimum-impression.com\/","logo":{"@type":"ImageObject","inLanguage":"fr-FR","@id":"https:\/\/optimum-impression.com\/#\/schema\/logo\/image\/","url":"https:\/\/optimum-impression.com\/wp-content\/uploads\/2021\/10\/cropped-Logo-Optimum-01.png","contentUrl":"https:\/\/optimum-impression.com\/wp-content\/uploads\/2021\/10\/cropped-Logo-Optimum-01.png","width":122,"height":40,"caption":"Optimum impression"},"image":{"@id":"https:\/\/optimum-impression.com\/#\/schema\/logo\/image\/"},"sameAs":["https:\/\/www.instagram.com\/optimum_impression","https:\/\/www.linkedin.com\/company\/optimum-impression"]}]}},"_links":{"self":[{"href":"https:\/\/optimum-impression.com\/index.php?rest_route=\/wp\/v2\/pages\/14","targetHints":{"allow":["GET"]}}],"collection":[{"href":"https:\/\/optimum-impression.com\/index.php?rest_route=\/wp\/v2\/pages"}],"about":[{"href":"https:\/\/optimum-impression.com\/index.php?rest_route=\/wp\/v2\/types\/page"}],"author":[{"embeddable":true,"href":"https:\/\/optimum-impression.com\/index.php?rest_route=\/wp\/v2\/users\/1"}],"replies":[{"embeddable":true,"href":"https:\/\/optimum-impression.com\/index.php?rest_route=%2Fwp%2Fv2%2Fcomments&post=14"}],"version-history":[{"count":3,"href":"https:\/\/optimum-impression.com\/index.php?rest_route=\/wp\/v2\/pages\/14\/revisions"}],"predecessor-version":[{"id":1091,"href":"https:\/\/optimum-impression.com\/index.php?rest_route=\/wp\/v2\/pages\/14\/revisions\/1091"}],"wp:attachment":[{"href":"https:\/\/optimum-impression.com\/index.php?rest_route=%2Fwp%2Fv2%2Fmedia&parent=14"}],"curies":[{"name":"wp","href":"https:\/\/api.w.org\/{rel}","templated":true}]}}